9 a factor of 3438?
False
Is 71 a factor of 7455?
True
Does 8 divide 160?
True
Is 34 a factor of 70954?
False
Is 8 a factor of 2248?
True
Does 47 divide 8280?
False
Is 368 a factor of 148304?
True
Does 44 divide 19976?
True
Does 2 divide 43?
False
Is 5 a factor of 35181?
False
Is 3 a factor of 1523?
False
Is 6091 a multiple of 28?
False
Is 32 a factor of 1088?
True
Does 32 divide 800?
True
Is 2185 a multiple of 23?
True
Is 27 a factor of 7719?
False
Does 24 divide 175?
False
Is 1112 a multiple of 20?
False
Is 13 a factor of 33254?
True
Does 29 divide 1276?
True
Is 44 a factor of 575?
False
Is 158 a multiple of 3?
False
Is 3895 a multiple of 39?
False
Does 33 divide 20955?
True
Is 82 a factor of 25410?
False
Does 4 divide 1425?
False
Does 26 divide 16424?
False
Is 82 a factor of 4150?
False
Is 21 a factor of 5250?
True
Is 6 a factor of 1542?
True
Does 196 divide 76442?
False
Is 50 a factor of 1850?
True
Is 330 a multiple of 4?
False
Is 39 a factor of 975?
True
Is 391 a multiple of 17?
True
Does 10 divide 15350?
True
Is 98 a multiple of 11?
False
Is 38 a factor of 5054?
True
Is 3 a factor of 7993?
False
Is 7 a factor of 11304?
False
Does 60 divide 60?
True
Does 32 divide 1856?
True
Does 13 divide 9074?
True
Does 209 divide 6061?
True
Is 48278 a multiple of 58?
False
Is 2398 a multiple of 97?
False
Is 351 a multiple of 9?
True
Is 9158 a multiple of 19?
True
Does 81 divide 898?
False
Does 17 divide 4556?
True
Is 16 a factor of 31504?
True
Is 30061 a multiple of 331?
False
Is 38 a factor of 6394?
False
Is 8828 a multiple of 101?
False
Does 39 divide 56706?
True
Is 27531 a multiple of 29?
False
Is 205 a factor of 54422?
False
Is 33 a factor of 81708?
True
Is 996 a multiple of 12?
True
Does 27 divide 1069?
False
Is 14008 a multiple of 17?
True
Is 510 a multiple of 5?
True
Does 57 divide 3363?
True
Does 69 divide 5106?
True
Is 21 a factor of 35175?
True
Does 16 divide 167?
False
Is 33 a factor of 21195?
False
Is 3209 a multiple of 37?
False
Is 20 a factor of 280?
True
Is 15 a factor of 3281?
False
Is 155 a multiple of 155?
True
Does 88 divide 45297?
False
Is 1521 a multiple of 4?
False
Is 19 a factor of 6897?
True
Is 11 a factor of 1672?
True
Does 38 divide 6808?
False
Is 567 a multiple of 12?
False
Does 31 divide 380?
False
Is 923 a multiple of 5?
False
Is 542 a multiple of 4?
False
Is 12 a factor of 43214?
False
Is 11 a factor of 1749?
True
Does 63 divide 1323?
True
Is 54 a factor of 1252?
False
Is 2782 a multiple of 26?
True
Is 48 a multiple of 6?
True
Is 2670 a multiple of 89?
True
Does 15 divide 17771?
False
Does 43 divide 17415?
True
Does 12 divide 13776?
True
Is 10 a factor of 200?
True
Does 46 divide 56897?
False
Is 135 a factor of 27996?
False
Is 13050 a multiple of 145?
True
Does 8 divide 401?
False
Is 2880 a multiple of 10?
True
Is 129 a factor of 71147?
False
Does 50 divide 24670?
False
Does 22 divide 748?
True
Is 134 a multiple of 39?
False
Does 14 divide 16587?
False
Does 155 divide 25568?
False
Is 2802 a multiple of 18?
False
Does 14 divide 3606?
False
Is 14 a factor of 15794?
False
Is 60 a multiple of 2?
True
Is 21919 a multiple of 23?
True
Does 12 divide 74100?
True
Is 2 a factor of 1582?
True
Is 1815 a multiple of 33?
True
Is 15 a factor of 5148?
False
Does 40 divide 520?
True
Is 63 a factor of 1885?
False
Is 3015 a multiple of 67?
True
Is 18 a factor of 938?
False
Is 796 a multiple of 14?
False
Is 24 a factor of 4117?
False
Is 7595 a multiple of 49?
True
Is 6 a factor of 509?
False
Is 79 a factor of 10262?
False
Is 14080 a multiple of 32?
True
Is 12 a factor of 610?
False
Does 13 divide 507?
True
Does 88 divide 47784?
True
Does 15 divide 40680?
True
Is 31284 a multiple of 66?
True
Is 8 a factor of 21905?
False
Is 7538 a multiple of 82?
False
Is 22 a factor of 1298?
True
Does 3 divide 807?
True
Is 1220 a multiple of 25?
False
Is 12521 a multiple of 13?
False
Is 1027 a multiple of 13?
True
Does 19 divide 232?
False
Does 10 divide 250?
True
Is 63 a multiple of 3?
True
Is 66 a factor of 18961?
False
Does 20 divide 240?
True
Is 20 a factor of 60?
True
Does 67 divide 30313?
False
Does 137 divide 19432?
False
Does 12 divide 338?
False
Does 184 divide 58880?
True
Does 52 divide 23348?
True
Does 101 divide 996?
False
Does 3 divide 771?
True
Does 37 divide 107869?
False
Is 13970 a multiple of 50?
False
Is 1691 a multiple of 4?
False
Is 61346 a multiple of 37?
True
Is 3576 a multiple of 12?
True
Is 17 a factor of 663?
True
Does 26 divide 858?
True
Does 12 divide 4344?
True
Is 5104 a multiple of 61?
False
Does 3 divide 73?
False
Is 23 a factor of 230?
True
Is 396 a multiple of 6?
True
Does 20 divide 960?
True
Is 39 a factor of 4563?
True
Is 22725 a multiple of 15?
True
Does 61 divide 2196?
True
Is 7 a factor of 1372?
True
Does 3 divide 326?
False
Does 9 divide 27?
True
Is 34065 a multiple of 9?
True
Is 32 a factor of 91168?
True
Does 34 divide 3366?
True
Does 50 divide 3951?
False
Is 24 a factor of 1368?
True
Is 9 a factor of 369?
True
Does 15 divide 44025?
True
Is 45273 a multiple of 56?
False
Is 81073 a multiple of 70?
False
Is 17 a factor of 21276?
False
Is 3 a factor of 24834?
True
Is 249 a multiple of 24?
False
Is 1060 a multiple of 11?
False
Is 33132 a multiple of 44?
True
Is 565 a multiple of 19?
False
Does 13 divide 19860?
False
Does 70 divide 5375?
False
Does 74 divide 35964?
True
Is 7875 a multiple of 5?
True
Is 164 a factor of 3228?
False
Does 37 divide 1823?
False
Is 9 a factor of 252?
True
Is 846 a multiple of 55?
False
Is 22232 a multiple of 85?
False
Is 51968 a multiple of 256?
True
Is 42848 a multiple of 18?
False
Is 1550 a multiple of 17?
False
Is 49 a factor of 4166?
False
Does 58 divide 21074?
False
Is 664 a multiple of 8?
True
Does 7 divide 3710?
True
Is 5 a factor of 820?
True
Does 122 divide 1404?
False
Does 30 divide 630?
True
Is 736 a multiple of 4?
True
Is 3 a factor of 480?
True
Is 5 a factor of 1205?
True
Is 34397 a multiple of 9?
False
Is 4860 a multiple of 60?
True
Is 3 a factor of 534?
True
Is 61 a factor of 4026?
True
Does 14 divide 22064?
True
Does 10 divide 110?
True
Is 34 a factor of 515?
False
Is 588 a multiple of 26?
False
Is 3 a factor of 308?
False
Does 77 divide 13736?
False
Does 293 divide 7911?
True
Is 2596 a multiple of 5?
False
Is 16409 a multiple of 61?
True
Is 18 a factor of 8100?
True
Is 54 a factor of 66?
False
Is 15 a factor of 59730?
True
Is 292 a factor of 4672?
True
Is 587 a multiple of 3?
False
Does 22 divide 880?
True
Is 1302 a multiple of 21?
True
Is 4513 a multiple of 16?
False
Is 13 a factor of 542?
False
Does 52 divide 4160?
True
Does 14 divide 2591?
False
Does 18 divide 846?
True
Is 2086 a multiple of 149?
True
Does 212 divide 57876?
True
Is 3800 a multiple of 31?
False
Is 44 a factor of 10692?
True
Is 821 a multiple of 6?
False
Is 408 a multiple of 34?
True
Is 13 a factor of 52?
True
Is 8 a factor of 120?
True
Does 12 divide 4140?
True
Is 8450 a multiple of 11?
False
Does 7 divide 441?
True
Is 26 a factor of 3816?
False
Is 44096 a multiple of 18?
False
Is 14 a factor of 499?
False
Is 2491 a multiple of 10?
False
Is 1456 a multiple of 8?
True
Is 4880 a multiple of 16?
True
Is 11371 a multiple of 16?
False
Is 1148 a multiple of 27?
False
Is 24 a factor of 36144?
True
Is 89 a factor of 28048?
False
Is 1792 a multiple of 4?
True
Does 64 divide 422?
False
Is 118 a factor of 3304?
True
Does 54 divide 1485?
False
Does 77 divide 48043?
False
Is 3744 a multiple of 24?
True
Is 9959 a multiple of 66?
False
Is 265 a multiple of 68?
False
Is 38 a factor of 10868?
True
Is 7 a factor of 1940?
False
Does 32 divide 621?
False
Is 825 a multiple of 15?
True
Does 7 divide 421?
False
Is 1473 even?
False
Does 3 divide 8550?
True
Is 2241 a multiple of 27?
True
Is 1027 a multiple of 79?
True
Is 13 a factor of 5223?
False
Does 23 divide 227?
False
Does 10 divide 760?
True
Does 7 divide 7168?
True
Does 51 divide 357?
True
Is 3001 a multiple of 28?
False
Does 21 divide 1488?
False
Is 28 a factor of 4200?
True
Does 6 divide 116?
False
Is 11 a factor of 2321?
True
Is 113 a factor of 21470?
True
Does 3 divide 1554?
True
Is 37522 a multiple of 117?
False
Does 9 divide 2601?
True
Does 58 divide 4262?
False
Does 18 divide 8118?
True
Is 495 a multiple of 11?
True
Is 12 a factor of 16212?
True
Is 28 a factor of 1344